{"id":3895,"date":"2025-07-29T16:25:41","date_gmt":"2025-07-29T14:25:41","guid":{"rendered":"http:\/\/designplanung.de\/projekt-012\/?page_id=3895"},"modified":"2025-09-03T10:24:23","modified_gmt":"2025-09-03T08:24:23","slug":"digitalisierte-unternehmensprozesse","status":"publish","type":"page","link":"http:\/\/designplanung.de\/projekt-012\/leistungen-service\/digitalisierte-unternehmensprozesse\/","title":{"rendered":"Digitalisierte Unternehmensprozesse"},"content":{"rendered":"<div id='full_slider_1'  class='avia-fullwidth-slider main_color avia-shadow   avia-builder-el-0  el_before_av_layout_row  avia-builder-el-first   container_wrap fullsize'  >\n<style type=\"text\/css\" data-created_by=\"avia_inline_auto\" id=\"style-css-av-21lsqt3-88f740057a57b645b7e1f0590d688636\">\n#top #wrap_all .avia-slideshow .av-slideshow-caption.av-21lsqt3-88f740057a57b645b7e1f0590d688636__0 .avia-caption-title{\ncolor:#ffffff;\n}\n#top .avia-slideshow .av-slideshow-caption.av-21lsqt3-88f740057a57b645b7e1f0590d688636__0 .avia-caption-content{\ncolor:#ffffff;\n}\n\n@media only screen and (min-width: 990px){ \n#top #wrap_all .avia-slideshow .av-slideshow-caption.av-21lsqt3-88f740057a57b645b7e1f0590d688636__0 .avia-caption-title{\nfont-size:63px;\n}\n}\n\n@media only screen and (max-width: 479px){ \n#top #wrap_all .avia-slideshow .av-slideshow-caption.av-21lsqt3-88f740057a57b645b7e1f0590d688636__0 .avia-caption-title{\nfont-size:25px;\n}\n#top .avia-slideshow .av-slideshow-caption.av-21lsqt3-88f740057a57b645b7e1f0590d688636__0 .avia-caption-content{\nfont-size:15px;\n}\n#top .avia-slideshow .av-slideshow-caption.av-21lsqt3-88f740057a57b645b7e1f0590d688636__0 .avia-caption-content p{\nfont-size:15px;\n}\n}\n<\/style>\n<div  class='avia-slideshow av-21lsqt3-88f740057a57b645b7e1f0590d688636 avia-slideshow-featured_large av_slideshow_full avia-fade-slider av-slideshow-ui av-control-default av-slideshow-autoplay av-loop-endless av-loop-manual-endless av-default-height-applied   avia-slideshow-1' data-slideshow-options=\"{&quot;animation&quot;:&quot;fade&quot;,&quot;autoplay&quot;:true,&quot;loop_autoplay&quot;:&quot;endless&quot;,&quot;interval&quot;:7,&quot;loop_manual&quot;:&quot;manual-endless&quot;,&quot;autoplay_stopper&quot;:false,&quot;noNavigation&quot;:false,&quot;bg_slider&quot;:false,&quot;transitionSpeed&quot;:3000,&quot;keep_padding&quot;:false,&quot;hoverpause&quot;:false,&quot;show_slide_delay&quot;:0}\"  itemprop=\"image\" itemscope=\"itemscope\" itemtype=\"https:\/\/schema.org\/ImageObject\" ><ul class='avia-slideshow-inner ' style='padding-bottom: 42%;'><li  class='avia-slideshow-slide av-21lsqt3-88f740057a57b645b7e1f0590d688636__0  av-single-slide slide-1 slide-odd'><div data-rel='slideshow-1' class='avia-slide-wrap '   ><div class='av-slideshow-caption av-21lsqt3-88f740057a57b645b7e1f0590d688636__0 caption_fullwidth caption_left'><div class=\"container caption_container\"><div class=\"slideshow_caption\"><div class=\"slideshow_inner_caption\"><div class=\"slideshow_align_caption\"><h1 class='avia-caption-title '  itemprop=\"name\" >Digitalisierte Unternehmensprozesse<\/h1><div class='avia-caption-content av_inherit_color'  itemprop=\"description\" ><p>Langfristige Kosteneinsparung, Effizienzsteigerung, Skalierbarkeit + Flexibilit\u00e4t, Administration, Proze\u00dfzugriff und Integration<\/p>\n<\/div><a href=''  class='avia-slideshow-button avia-button avia-color-theme-color ' data-duration='800' data-easing='easeInOutQuad'>Ihr Projekt besprechen<\/a><\/div><\/div><\/div><\/div><\/div><img decoding=\"async\" fetchpriority=\"high\" class=\"wp-image-4016 avia-img-lazy-loading-not-4016\"  src=\"http:\/\/designplanung.de\/projekt-012\/wp-content\/uploads\/2025\/09\/Banner-10-1500x630.jpg\" width=\"1500\" height=\"630\" title='Banner-10' alt=''  itemprop=\"thumbnailUrl\" srcset=\"http:\/\/designplanung.de\/projekt-012\/wp-content\/uploads\/2025\/09\/Banner-10-1500x630.jpg 1500w, http:\/\/designplanung.de\/projekt-012\/wp-content\/uploads\/2025\/09\/Banner-10-300x125.jpg 300w\" sizes=\"(max-width: 1500px) 100vw, 1500px\" \/><div class='av-section-color-overlay' style='opacity: 0.6; background-color: #000000; '><\/div><\/div><\/li><\/ul><\/div><\/div>\n<div id='av-layout-grid-1'  class='av-layout-grid-container av-71yyiv-90ddb397039d95d05b7b5525c0ce3eae entry-content-wrapper main_color av-flex-cells  avia-builder-el-1  el_after_av_slideshow_full  el_before_av_layout_row  grid-row-not-first  container_wrap fullsize'  >\n\n<style type=\"text\/css\" data-created_by=\"avia_inline_auto\" id=\"style-css-av-6wf75z-9eee306135f2cdca6d97ad47ba18542e\">\n.flex_cell.av-6wf75z-9eee306135f2cdca6d97ad47ba18542e{\nvertical-align:top;\nheight:10px;\nmin-height:10px;\nbackground-color:#e2003c;\n}\n.responsive #top #wrap_all .flex_cell.av-6wf75z-9eee306135f2cdca6d97ad47ba18542e{\npadding:4px 4px 4px 4px !important;\n}\n<\/style>\n<div class='flex_cell av-6wf75z-9eee306135f2cdca6d97ad47ba18542e av-gridrow-cell av_one_full no_margin  avia-builder-el-2  avia-builder-el-no-sibling  content-align-top'  ><div class='flex_cell_inner'><\/div><\/div>\n<\/div>\n<div id='av-layout-grid-2'  class='av-layout-grid-container av-1uynk93-26e4bef76dd653a1601a23a975d31ad5 entry-content-wrapper main_color av-flex-cells  avia-builder-el-3  el_after_av_layout_row  el_before_av_section  grid-row-not-first  container_wrap fullsize'  >\n\n<style type=\"text\/css\" data-created_by=\"avia_inline_auto\" id=\"style-css-av-1srtk1j-8977b97c05afea42bd3c621513362367\">\n.flex_cell.av-1srtk1j-8977b97c05afea42bd3c621513362367{\nvertical-align:top;\n}\n.responsive #top #wrap_all .flex_cell.av-1srtk1j-8977b97c05afea42bd3c621513362367{\npadding:0px 0px 0px 0px !important;\n}\n<\/style>\n<div class='flex_cell av-1srtk1j-8977b97c05afea42bd3c621513362367 av-gridrow-cell av_one_full no_margin  avia-builder-el-4  avia-builder-el-no-sibling  content-align-top av-zero-padding'  ><div class='flex_cell_inner'>\n<style type=\"text\/css\" data-created_by=\"avia_inline_auto\" id=\"style-css-av-1rsjmg7-16674eab448844090e494d7e84eb7bf8\">\n.avia-image-container.av-1rsjmg7-16674eab448844090e494d7e84eb7bf8 img.avia_image{\nbox-shadow:none;\n}\n.avia-image-container.av-1rsjmg7-16674eab448844090e494d7e84eb7bf8 .av-image-caption-overlay-center{\ncolor:#ffffff;\n}\n<\/style>\n<div  class='avia-image-container av-1rsjmg7-16674eab448844090e494d7e84eb7bf8 av-styling- avia-align-center  avia-builder-el-5  avia-builder-el-no-sibling '   itemprop=\"image\" itemscope=\"itemscope\" itemtype=\"https:\/\/schema.org\/ImageObject\" ><div class=\"avia-image-container-inner\"><div class=\"avia-image-overlay-wrap\"><img decoding=\"async\" fetchpriority=\"high\" class='wp-image-3570 avia-img-lazy-loading-not-3570 avia_image ' src=\"http:\/\/designplanung.de\/projekt-012\/wp-content\/uploads\/2025\/05\/beispiele.png\" alt='' title='beispiele'  height=\"87\" width=\"1774\"  itemprop=\"thumbnailUrl\" srcset=\"http:\/\/designplanung.de\/projekt-012\/wp-content\/uploads\/2025\/05\/beispiele.png 1774w, http:\/\/designplanung.de\/projekt-012\/wp-content\/uploads\/2025\/05\/beispiele-300x15.png 300w, http:\/\/designplanung.de\/projekt-012\/wp-content\/uploads\/2025\/05\/beispiele-1030x51.png 1030w, http:\/\/designplanung.de\/projekt-012\/wp-content\/uploads\/2025\/05\/beispiele-768x38.png 768w, http:\/\/designplanung.de\/projekt-012\/wp-content\/uploads\/2025\/05\/beispiele-1536x75.png 1536w, http:\/\/designplanung.de\/projekt-012\/wp-content\/uploads\/2025\/05\/beispiele-1500x74.png 1500w, http:\/\/designplanung.de\/projekt-012\/wp-content\/uploads\/2025\/05\/beispiele-705x35.png 705w\" sizes=\"(max-width: 1774px) 100vw, 1774px\" \/><\/div><\/div><\/div>\n<\/div><\/div>\n<\/div>\n<div id='av_section_1'  class='avia-section av-1pn0zhj-03a97a9ba56bd4d4fd155eb4a47512c2 main_color avia-section-large avia-no-border-styling  avia-builder-el-6  el_after_av_layout_row  el_before_av_section  avia-bg-style-scroll container_wrap fullsize'  ><div class='container av-section-cont-open' ><div class='template-page content  av-content-full alpha units'><div class='post-entry post-entry-type-page post-entry-3895'><div class='entry-content-wrapper clearfix'>\n<div class='flex_column_table av-1nvcgmf-66e0c650fc2fdea98e4fe89bcf50b275 sc-av_one_half av-equal-height-column-flextable'><div  class='flex_column av-1nvcgmf-66e0c650fc2fdea98e4fe89bcf50b275 av_one_half  avia-builder-el-7  el_before_av_one_half  avia-builder-el-first  first flex_column_table_cell av-equal-height-column av-align-middle av-animated-generic bottom-to-top  '     ><section  class='av_textblock_section av-1mkqfo7-845312a826e2ecbf0a244d79b2c8aaa5 '   itemscope=\"itemscope\" itemtype=\"https:\/\/schema.org\/CreativeWork\" ><div class='avia_textblock'  itemprop=\"text\" ><h1>Langfristige Kosteneinsparung<\/h1>\n<p>Durch die Virtualisierung von Gesch\u00e4ftsprozessen k\u00f6nnen Unternehmen langfristig erhebliche Kosteneinsparungen erzielen. Ressourcen werden effizienter genutzt, Hardware-Investitionen durch virtuelle L\u00f6sungen ersetzt und der Energie- sowie Wartungsaufwand deutlich reduziert. Zentralisierte IT-Strukturen erm\u00f6glichen zudem die Optimierung von Lizenzkosten und reduzieren redundante Systeme. Moderne Monitoring-L\u00f6sungen unterstu\u0308tzen die \u00dcberwachung und fru\u0308hzeitige Erkennung von St\u00f6rungen. So lassen sich Prozesse dauerhaft wirtschaftlich gestalten.<\/p>\n<blockquote>\n<p>Optimierung der vorhandenen Prozesse<\/p>\n<p>\u00dcberwachung der digitalen Prozesse (Monitoring)<\/p>\n<\/blockquote>\n<\/div><\/section><\/div><div class='av-flex-placeholder'><\/div><div  class='flex_column av-2w6apz-e0e71d7b2c6596182bd243b10b3fc21a av_one_half  avia-builder-el-9  el_after_av_one_half  el_before_av_hr  flex_column_table_cell av-equal-height-column av-align-middle av-animated-generic bottom-to-top avia-full-stretch  '     ><style type=\"text\/css\" data-created_by=\"avia_inline_auto\" id=\"style-css-av-mdppulr4-0040c403db0e158bd6d54fe497143757\">\n.avia-image-container.av-mdppulr4-0040c403db0e158bd6d54fe497143757 img.avia_image{\nbox-shadow:none;\n}\n.avia-image-container.av-mdppulr4-0040c403db0e158bd6d54fe497143757 .av-image-caption-overlay-center{\ncolor:#ffffff;\n}\n<\/style>\n<div  class='avia-image-container av-mdppulr4-0040c403db0e158bd6d54fe497143757 av-styling- avia_animated_image av-animated-when-visible-95 bottom-to-top avia-align-center  avia-builder-el-10  avia-builder-el-no-sibling '   itemprop=\"image\" itemscope=\"itemscope\" itemtype=\"https:\/\/schema.org\/ImageObject\" ><div class=\"avia-image-container-inner\"><div class=\"avia-image-overlay-wrap\"><img decoding=\"async\" fetchpriority=\"high\" class='wp-image-3916 avia-img-lazy-loading-not-3916 avia_image ' src=\"http:\/\/designplanung.de\/projekt-012\/wp-content\/uploads\/2025\/07\/Langfristige-Kosteneinsparung-1.jpg\" alt='' title='Langfristige-Kosteneinsparung'  height=\"480\" width=\"720\"  itemprop=\"thumbnailUrl\" srcset=\"http:\/\/designplanung.de\/projekt-012\/wp-content\/uploads\/2025\/07\/Langfristige-Kosteneinsparung-1.jpg 720w, http:\/\/designplanung.de\/projekt-012\/wp-content\/uploads\/2025\/07\/Langfristige-Kosteneinsparung-1-300x200.jpg 300w, http:\/\/designplanung.de\/projekt-012\/wp-content\/uploads\/2025\/07\/Langfristige-Kosteneinsparung-1-705x470.jpg 705w\" sizes=\"(max-width: 720px) 100vw, 720px\" \/><\/div><\/div><\/div><\/div><\/div><!--close column table wrapper. Autoclose: 1 --><div  class='hr av-1ixri0n-bdf48aff019b2cd94ba278df42840962 hr-default  avia-builder-el-11  el_after_av_one_half  el_before_av_one_half '><span class='hr-inner '><span class=\"hr-inner-style\"><\/span><\/span><\/div>\n<div  class='flex_column av-1ifqhtj-a82ad06bb3045cb3b72d4f18769829f8 av_one_half  avia-builder-el-12  el_after_av_hr  el_before_av_one_half  first flex_column_div av-animated-generic bottom-to-top  '     ><section  class='av_textblock_section av-1fhfjrb-bf8fb17dadf172fc88d3cab60bb7e529 '   itemscope=\"itemscope\" itemtype=\"https:\/\/schema.org\/CreativeWork\" ><div class='avia_textblock'  itemprop=\"text\" ><h2>Effizienzsteigerung<\/h2>\n<p>Digitale und automatisierte Prozesse fu\u0308hren zu einer deutlichen Steigerung der Effizienz im Unternehmen. Manuelle T\u00e4tigkeiten werden reduziert, wodurch sich Mitarbeitende st\u00e4rker auf wertsch\u00f6pfende Aufgaben konzentrieren k\u00f6nnen. Standardisierte Abl\u00e4ufe senken die Fehlerquote und erm\u00f6glichen eine gleichbleibend hohe Qualit\u00e4t. Prozesse laufen rund um die Uhr und ohne Unterbrechung ab \u2013 unabh\u00e4ngig von Arbeitszeiten. Die schnellere Datenverarbeitung verbessert zudem die Reaktionszeit auf Kundenwu\u0308nsche.<\/p>\n<blockquote>\n<p>digitale Prozesse erh\u00f6hen die Produktivit\u00e4t<\/p>\n<\/blockquote>\n<\/div><\/section><\/div>\n<style type=\"text\/css\" data-created_by=\"avia_inline_auto\" id=\"style-css-av-1f7t6mf-cd840e5e51998d775fe10f34a00d667c\">\n.flex_column.av-1f7t6mf-cd840e5e51998d775fe10f34a00d667c{\npadding:3% 3% 3% 3%;\nbackground-color:#e0e0e0;\n}\n<\/style>\n<div  class='flex_column av-1f7t6mf-cd840e5e51998d775fe10f34a00d667c av_one_half  avia-builder-el-14  el_after_av_one_half  el_before_av_hr  flex_column_div av-animated-generic bottom-to-top  '     ><section  class='av_textblock_section av-1dgidl3-77388a7944c717a9b8484a959142e96c '   itemscope=\"itemscope\" itemtype=\"https:\/\/schema.org\/CreativeWork\" ><div class='avia_textblock'  itemprop=\"text\" ><h3>Skalierbarkeit und Flexibilit\u00e4t<\/h3>\n<p>Virtuelle Strukturen bieten eine hohe Skalierbarkeit und Flexibilit\u00e4t bei der Anpassung an neue Anforderungen. Anwendungen, Benutzer und Ressourcen k\u00f6nnen bei Bedarf schnell hinzugefu\u0308gt oder angepasst werden. Die IT-Infrastruktur w\u00e4chst dynamisch mit dem Unternehmen und erm\u00f6glicht agile Reaktionen auf Marktver\u00e4nderungen. Auch technologische Innovationen lassen sich leichter integrieren, ohne bestehende Systeme umfassend zu ver\u00e4ndern. So bleiben Unternehmen zukunftsf\u00e4hig und wettbewerbsstark.<\/p>\n<blockquote>\n<p>Anpassung der Prozesse an neue Anforderungen<\/p>\n<\/blockquote>\n<\/div><\/section><\/div><div  class='hr av-18ldxpj-589fa13ea04dd8744754703882d050ab hr-default  avia-builder-el-16  el_after_av_one_half  el_before_av_one_half '><span class='hr-inner '><span class=\"hr-inner-style\"><\/span><\/span><\/div>\n<div  class='flex_column av-16kfh8n-8e5789bd2de163b6fba5df0ecaf3bcba av_one_half  avia-builder-el-17  el_after_av_hr  el_before_av_one_half  first flex_column_div av-animated-generic bottom-to-top avia-full-stretch  '     ><style type=\"text\/css\" data-created_by=\"avia_inline_auto\" id=\"style-css-av-mdpp74zt-0d1d045f8e77d430361fc279e0f530c6\">\n.avia-image-container.av-mdpp74zt-0d1d045f8e77d430361fc279e0f530c6 img.avia_image{\nbox-shadow:none;\n}\n.avia-image-container.av-mdpp74zt-0d1d045f8e77d430361fc279e0f530c6 .av-image-caption-overlay-center{\ncolor:#ffffff;\n}\n<\/style>\n<div  class='avia-image-container av-mdpp74zt-0d1d045f8e77d430361fc279e0f530c6 av-styling- avia_animated_image av-animated-when-visible-95 bottom-to-top avia-align-center  avia-builder-el-18  avia-builder-el-no-sibling '   itemprop=\"image\" itemscope=\"itemscope\" itemtype=\"https:\/\/schema.org\/ImageObject\" ><div class=\"avia-image-container-inner\"><div class=\"avia-image-overlay-wrap\"><img decoding=\"async\" fetchpriority=\"high\" class='wp-image-3911 avia-img-lazy-loading-not-3911 avia_image ' src=\"http:\/\/designplanung.de\/projekt-012\/wp-content\/uploads\/2025\/07\/Entlastung-IT-Sachsen-1.jpg\" alt='' title='Entlastung-IT-Sachsen'  height=\"487\" width=\"730\"  itemprop=\"thumbnailUrl\" srcset=\"http:\/\/designplanung.de\/projekt-012\/wp-content\/uploads\/2025\/07\/Entlastung-IT-Sachsen-1.jpg 730w, http:\/\/designplanung.de\/projekt-012\/wp-content\/uploads\/2025\/07\/Entlastung-IT-Sachsen-1-300x200.jpg 300w, http:\/\/designplanung.de\/projekt-012\/wp-content\/uploads\/2025\/07\/Entlastung-IT-Sachsen-1-705x470.jpg 705w\" sizes=\"(max-width: 730px) 100vw, 730px\" \/><\/div><\/div><\/div><\/div><div  class='flex_column av-3kgs7b-ccaa2f042ab5d533361c4fe86fcc3652 av_one_half  avia-builder-el-19  el_after_av_one_half  avia-builder-el-last  flex_column_div av-animated-generic bottom-to-top  '     ><section  class='av_textblock_section av-9vg7r-fc20490985bd5db2bd3bbadaa9d42b6b '   itemscope=\"itemscope\" itemtype=\"https:\/\/schema.org\/CreativeWork\" ><div class='avia_textblock'  itemprop=\"text\" ><h3>Administration<\/h3>\n<p>Die zentrale Verwaltung aller Daten und Systeme erleichtert die Administration erheblich. Automatisierte Backups und Updates erh\u00f6hen die Datensicherheit und minimieren Ausfallzeiten. IT-Mitarbeiter werden durch weniger Routineaufgaben entlastet und k\u00f6nnen sich auf strategische Themen konzentrieren. Zudem lassen sich gesetzliche Anforderungen wie Datenschutz und Compliance einfacher umsetzen und dokumentieren. Eine klare Struktur sorgt fu\u0308r Transparenz und Kontrolle in der gesamten IT-Landschaft.<\/p>\n<blockquote>\n<p>zentrale Datenverwaltung, Backups<\/p>\n<\/blockquote>\n<\/div><\/section><\/div>\n\n<\/div><\/div><\/div><!-- close content main div --><\/div><\/div><div id='av_section_2'  class='avia-section av-rxun93-f1812375d25ed49f55f6b5cc6ada464e alternate_color avia-section-huge avia-no-border-styling  avia-builder-el-21  el_after_av_section  avia-builder-el-last  avia-bg-style-scroll container_wrap fullsize'  ><div class='container av-section-cont-open' ><div class='template-page content  av-content-full alpha units'><div class='post-entry post-entry-type-page post-entry-3895'><div class='entry-content-wrapper clearfix'>\n\n<style type=\"text\/css\" data-created_by=\"avia_inline_auto\" id=\"style-css-av-p0ecl3-7d75613f5a07f1bfa3f9d2309b101e5f\">\n.flex_column.av-p0ecl3-7d75613f5a07f1bfa3f9d2309b101e5f{\nwidth:48.5%;\n}\n<\/style>\n<div  class='flex_column av-p0ecl3-7d75613f5a07f1bfa3f9d2309b101e5f av_one_half  avia-builder-el-22  el_before_av_one_half  avia-builder-el-first  first flex_column_div av-animated-generic bottom-to-top  '     ><section  class='av_textblock_section av-od2stj-bb91dc2dcdfb75be8f64c871b5407ee9 '   itemscope=\"itemscope\" itemtype=\"https:\/\/schema.org\/CreativeWork\" ><div class='avia_textblock'  itemprop=\"text\" ><h3>Proze\u00dfzugriff<\/h3>\n<p>Ein sicherer Zugriff auf Unternehmensdaten ist jederzeit und von u\u0308berall u\u0308ber VPN m\u00f6glich \u2013 ob im Homeoffice, auf Gesch\u00e4ftsreise oder im Au\u00dfendienst. Moderne Verschlu\u0308sselungstechnologien schu\u0308tzen die Daten zuverl\u00e4ssig vor unbefugtem Zugriff. Diese Flexibilit\u00e4t f\u00f6rdert neue Arbeitsmodelle und unterstu\u0308tzt die Work-Life-Balance der Mitarbeitenden. Gleichzeitig bleibt die Produktivit\u00e4t auch au\u00dferhalb des Unternehmensstandorts auf hohem Niveau. So entsteht eine moderne, ortsunabh\u00e4ngige Arbeitskultur.<\/p>\n<blockquote>\n<p>sicherer Zugriff via VPN auf ihre Systeme- jederzeit und Weltweit, Home Office<\/p>\n<\/blockquote>\n<\/div><\/section><\/div>\n<style type=\"text\/css\" data-created_by=\"avia_inline_auto\" id=\"style-css-av-lt5oqf-d3e3e0c4dfbfc9f0d7755a754618f265\">\n.flex_column.av-lt5oqf-d3e3e0c4dfbfc9f0d7755a754618f265{\nwidth:48.5%;\nmargin-left:3%;\n}\n<\/style>\n<div  class='flex_column av-lt5oqf-d3e3e0c4dfbfc9f0d7755a754618f265 av_one_half  avia-builder-el-24  el_after_av_one_half  avia-builder-el-last  flex_column_div av-animated-generic bottom-to-top  '     ><section  class='av_textblock_section av-lbxehj-7ee47a6af28759b19052e429700b81dd '   itemscope=\"itemscope\" itemtype=\"https:\/\/schema.org\/CreativeWork\" ><div class='avia_textblock'  itemprop=\"text\" ><h3>Integration<\/h3>\n<p>Die Integration bestehender und zuku\u0308nftiger IT-L\u00f6sungen in eine virtuelle Infrastruktur gelingt durch standardisierte Schnittstellen besonders einfach. Systeme k\u00f6nnen nahtlos miteinander kommunizieren und erm\u00f6glichen einen reibungslosen Datenfluss. Alte und neue Technologien werden effektiv verbunden, ohne umfangreiche Umstellungen vorzunehmen. Auch zuku\u0308nftige Erweiterungen lassen sich ohne gro\u00dfe Investitionen realisieren. Das sorgt fu\u0308r langfristige Flexibilit\u00e4t und Technologieoffenheit.<\/p>\n<blockquote>\n<p>vorhandene und zuku\u0308nftige IT-L\u00f6sungen lassen sich einfach in die IT-Landschaft integrieren<\/p>\n<\/blockquote>\n<\/div><\/section><\/div>\n\n","protected":false},"excerpt":{"rendered":"","protected":false},"author":10,"featured_media":0,"parent":3645,"menu_order":0,"comment_status":"closed","ping_status":"closed","template":"","meta":{"footnotes":""},"class_list":["post-3895","page","type-page","status-publish","hentry"],"_links":{"self":[{"href":"http:\/\/designplanung.de\/projekt-012\/wp-json\/wp\/v2\/pages\/3895","targetHints":{"allow":["GET"]}}],"collection":[{"href":"http:\/\/designplanung.de\/projekt-012\/wp-json\/wp\/v2\/pages"}],"about":[{"href":"http:\/\/designplanung.de\/projekt-012\/wp-json\/wp\/v2\/types\/page"}],"author":[{"embeddable":true,"href":"http:\/\/designplanung.de\/projekt-012\/wp-json\/wp\/v2\/users\/10"}],"replies":[{"embeddable":true,"href":"http:\/\/designplanung.de\/projekt-012\/wp-json\/wp\/v2\/comments?post=3895"}],"version-history":[{"count":16,"href":"http:\/\/designplanung.de\/projekt-012\/wp-json\/wp\/v2\/pages\/3895\/revisions"}],"predecessor-version":[{"id":3917,"href":"http:\/\/designplanung.de\/projekt-012\/wp-json\/wp\/v2\/pages\/3895\/revisions\/3917"}],"up":[{"embeddable":true,"href":"http:\/\/designplanung.de\/projekt-012\/wp-json\/wp\/v2\/pages\/3645"}],"wp:attachment":[{"href":"http:\/\/designplanung.de\/projekt-012\/wp-json\/wp\/v2\/media?parent=3895"}],"curies":[{"name":"wp","href":"https:\/\/api.w.org\/{rel}","templated":true}]}}